{"id":27,"date":"2023-01-05T09:38:51","date_gmt":"2023-01-05T08:38:51","guid":{"rendered":"http:\/\/www.dirk-ehrentraut.de\/Worldpress\/?page_id=27"},"modified":"2023-01-05T09:38:51","modified_gmt":"2023-01-05T08:38:51","slug":"east-rider-bikes-und-biker-aus-der-ddr-ein-kalender-mit-zeitgeschichte","status":"publish","type":"page","link":"http:\/\/www.dirk-ehrentraut.de\/Worldpress\/east-rider-bikes-und-biker-aus-der-ddr-ein-kalender-mit-zeitgeschichte\/","title":{"rendered":"east Rider \u2013 Bikes und Biker aus der DDR ein Kalender mit Zeitgeschichte"},"content":{"rendered":"\n<p>Was die Harley im Westen, war die AWO im Osten. Jede f\u00fcr sich individuell gestaltet und mit Improvisationskunst umgebaut. Der Mangel an 4-Takt Motorr\u00e4dern machte erfinderisch. Auch zu DDR Zeiten gab es eine starke Bikerszene. 12 Bilder der Ostrocker zeigt der Kalender \u201eeast Rider\u201c. Aufgenommen wurden die Bilder zu Motorradtreffen beim&nbsp;<a href=\"http:\/\/www.roadeagle-arnsdorf.de\/html\/history-des-road-eagle-mc-arnsdorf.html\">AWO Power Club Arnsdorf<\/a>&nbsp;(heute&nbsp;<a href=\"http:\/\/www.bikersnews.de\/motorrad\/berichte\/road+eagle+mc+arnsdorf_163.html\">Road Eagle MC Chapter Arnsdorf<\/a>) Ende der achtziger Jahre. R\u00fcckblickend ist es auch f\u00fcr mich ein Weg zur\u00fcck in der Geschichte, die AWO-Treffen haben in mir die Liebe zu alten Fahrzeugen geweckt. Ebenso soll der Kalender ein St\u00fcck Zeitgeschichte wiederspiegeln.<\/p>\n\n\n\n<p><br><strong>Haben Sie weitere Bilder aus vergangenen Zeiten oder Informationen zum Verbleib oder Geschichten zu den abgebildeten Motorr\u00e4dern setzen Sie sich bitte mit mir in Verbindung.<\/strong><\/p>\n\n\n\n<figure class=\"wp-block-image is-resized\"><img fetchpriority=\"high\" decoding=\"async\" src=\"http:\/\/www.dirk-ehrentraut.de\/Worldpress\/wp-content\/uploads\/2023\/01\/Bild_2023-01-05_090318721.png\" alt=\"\" class=\"wp-image-16\" width=\"292\" height=\"207\" srcset=\"http:\/\/www.dirk-ehrentraut.de\/Worldpress\/wp-content\/uploads\/2023\/01\/Bild_2023-01-05_090318721.png 500w, http:\/\/www.dirk-ehrentraut.de\/Worldpress\/wp-content\/uploads\/2023\/01\/Bild_2023-01-05_090318721-300x212.png 300w\" sizes=\"(max-width: 292px) 100vw, 292px\" \/><\/figure>\n<h3>Related Images:<\/h3>","protected":false},"excerpt":{"rendered":"<p>Was die Harley im Westen, war die AWO im Osten. Jede f\u00fcr sich individuell gestaltet und mit Improvisationskunst umgebaut. Der Mangel an 4-Takt Motorr\u00e4dern machte erfinderisch. Auch zu DDR Zeiten gab es eine starke Bikerszene. 12 Bilder der Ostrocker zeigt der Kalender \u201eeast Rider\u201c. Aufgenommen wurden die Bilder zu Motorradtreffen beim&nbsp;AWO Power Club Arnsdorf&nbsp;(heute&nbsp;Road Eagle [&hellip;]<\/p>\n","protected":false},"author":1,"featured_media":0,"parent":0,"menu_order":0,"comment_status":"closed","ping_status":"closed","template":"","meta":{"ngg_post_thumbnail":0,"ocean_post_layout":"","ocean_both_sidebars_style":"","ocean_both_sidebars_content_width":0,"ocean_both_sidebars_sidebars_width":0,"ocean_sidebar":"","ocean_second_sidebar":"","ocean_disable_margins":"enable","ocean_add_body_class":"","ocean_shortcode_before_top_bar":"","ocean_shortcode_after_top_bar":"","ocean_shortcode_before_header":"","ocean_shortcode_after_header":"","ocean_has_shortcode":"","ocean_shortcode_after_title":"","ocean_shortcode_before_footer_widgets":"","ocean_shortcode_after_footer_widgets":"","ocean_shortcode_before_footer_bottom":"","ocean_shortcode_after_footer_bottom":"","ocean_display_top_bar":"default","ocean_display_header":"default","ocean_header_style":"","ocean_center_header_left_menu":"","ocean_custom_header_template":"","ocean_custom_logo":0,"ocean_custom_retina_logo":0,"ocean_custom_logo_max_width":0,"ocean_custom_logo_tablet_max_width":0,"ocean_custom_logo_mobile_max_width":0,"ocean_custom_logo_max_height":0,"ocean_custom_logo_tablet_max_height":0,"ocean_custom_logo_mobile_max_height":0,"ocean_header_custom_menu":"","ocean_menu_typo_font_family":"","ocean_menu_typo_font_subset":"","ocean_menu_typo_font_size":0,"ocean_menu_typo_font_size_tablet":0,"ocean_menu_typo_font_size_mobile":0,"ocean_menu_typo_font_size_unit":"px","ocean_menu_typo_font_weight":"","ocean_menu_typo_font_weight_tablet":"","ocean_menu_typo_font_weight_mobile":"","ocean_menu_typo_transform":"","ocean_menu_typo_transform_tablet":"","ocean_menu_typo_transform_mobile":"","ocean_menu_typo_line_height":0,"ocean_menu_typo_line_height_tablet":0,"ocean_menu_typo_line_height_mobile":0,"ocean_menu_typo_line_height_unit":"","ocean_menu_typo_spacing":0,"ocean_menu_typo_spacing_tablet":0,"ocean_menu_typo_spacing_mobile":0,"ocean_menu_typo_spacing_unit":"","ocean_menu_link_color":"","ocean_menu_link_color_hover":"","ocean_menu_link_color_active":"","ocean_menu_link_background":"","ocean_menu_link_hover_background":"","ocean_menu_link_active_background":"","ocean_menu_social_links_bg":"","ocean_menu_social_hover_links_bg":"","ocean_menu_social_links_color":"","ocean_menu_social_hover_links_color":"","ocean_disable_title":"default","ocean_disable_heading":"default","ocean_post_title":"","ocean_post_subheading":"","ocean_post_title_style":"","ocean_post_title_background_color":"","ocean_post_title_background":0,"ocean_post_title_bg_image_position":"","ocean_post_title_bg_image_attachment":"","ocean_post_title_bg_image_repeat":"","ocean_post_title_bg_image_size":"","ocean_post_title_height":0,"ocean_post_title_bg_overlay":0.5,"ocean_post_title_bg_overlay_color":"","ocean_disable_breadcrumbs":"default","ocean_breadcrumbs_color":"","ocean_breadcrumbs_separator_color":"","ocean_breadcrumbs_links_color":"","ocean_breadcrumbs_links_hover_color":"","ocean_display_footer_widgets":"default","ocean_display_footer_bottom":"default","ocean_custom_footer_template":"","footnotes":""},"class_list":["post-27","page","type-page","status-publish","hentry","entry"],"_links":{"self":[{"href":"http:\/\/www.dirk-ehrentraut.de\/Worldpress\/wp-json\/wp\/v2\/pages\/27","targetHints":{"allow":["GET"]}}],"collection":[{"href":"http:\/\/www.dirk-ehrentraut.de\/Worldpress\/wp-json\/wp\/v2\/pages"}],"about":[{"href":"http:\/\/www.dirk-ehrentraut.de\/Worldpress\/wp-json\/wp\/v2\/types\/page"}],"author":[{"embeddable":true,"href":"http:\/\/www.dirk-ehrentraut.de\/Worldpress\/wp-json\/wp\/v2\/users\/1"}],"replies":[{"embeddable":true,"href":"http:\/\/www.dirk-ehrentraut.de\/Worldpress\/wp-json\/wp\/v2\/comments?post=27"}],"version-history":[{"count":1,"href":"http:\/\/www.dirk-ehrentraut.de\/Worldpress\/wp-json\/wp\/v2\/pages\/27\/revisions"}],"predecessor-version":[{"id":28,"href":"http:\/\/www.dirk-ehrentraut.de\/Worldpress\/wp-json\/wp\/v2\/pages\/27\/revisions\/28"}],"wp:attachment":[{"href":"http:\/\/www.dirk-ehrentraut.de\/Worldpress\/wp-json\/wp\/v2\/media?parent=27"}],"curies":[{"name":"wp","href":"https:\/\/api.w.org\/{rel}","templated":true}]}}